-356
Let z(t) = -7*t**2 - 258*t - 2423. Determine z(-15).
-128
Let v(w) = -537323*w + 4298590. Calculate v(8).
6
Let v(w) = 13*w + 1585. Give v(-66).
727
Let f(o) = 4409*o - 683336. Calculate f(155).
59
Let f(j) = j**3 + 266*j**2 + 3310*j + 806903. What is f(-265)?
-22
Let n(z) = -z**3 + 4393*z**2 + 262666*z - 113. Give n(-59).
5
Let d(a) = 12069*a - 132746. What is d(11)?
13
Let q(x) = x**2 + 100*x - 4681. Calculate q(-138).
563
Let d(c) = 8*c**3 + 237*c**2 + 1295*c - 1024. Give d(-22).
10
Let g(s) = -s**2 - 76*s - 874. Determine g(-24).
374
Let a(u) = -91*u + 2328. Calculate a(46).
-1858
Let k(a) = -14659*a - 117267. Determine k(-8).
5
Let n(f) = 2*f**3 + f**2 + 8286*f. Give n(0).
0
Let i(b) = -186*b**2 + 5024*b + 8. Calculate i(27).
62
Let q(c) = -820*c - 45993. Calculate q(-56).
-73
Let v(d) = -69*d**2 + 11589*d + 47994. Determine v(172).
6
Let a(h) = -4*h**3 - 1526*h**2 - 3793*h - 1154. Give a(-379).
-17
Let i(a) = -17*a**2 - 2164*a + 8887. Determine i(4).
-41
Let s(l) = -l**3 - 29*l**2 - 30*l - 942. Calculate s(-29).
-72
Let z(r) = 4582*r + 797150. Calculate z(-174).
-118
Let m(t) = 27*t**3 - 57*t**2 + 151*t + 18. Calculate m(4).
1438
Let k(s) = -5*s**2 + 352*s + 97200. What is k(179)?
3
Let r(u) = 4*u**3 + 43*u**2 - 755*u - 7347. Calculate r(-9).
15
Let f(s) = 306046*s + 2448371. Calculate f(-8).
3
Let p(k) = 118*k - 11838. What is p(100)?
-38
Let j(h) = -2326*h - 432719. Give j(-186).
-83
Let z(r) = 62*r**2 + 2111*r - 142. Determine z(-34).
-244
Let n(a) = -1759*a + 5465. What is n(3)?
188
Let v(g) = -g**2 - 2956*g + 41552. Give v(14).
-28
Let m(f) = f**3 - 487*f**2 + 1289*f - 3. Calculate m(0).
-3
Let f(c) = -c**2 + 2673*c - 352213. What is f(139)?
13
Let f(r) = 108*r**2 - 5367*r + 57627. Calculate f(34).
-3
Let m(x) = -2*x**3 + 36*x**2 + 49*x + 182. Determine m(20).
-438
Let t(o) = -4*o**3 - 557*o**2 + 390*o - 4198. Give t(-140).
2
Let p(q) = 12128*q - 72898. Determine p(6).
-130
Let k(l) = l**2 + 44*l - 342. Calculate k(9).
135
Let y(j) = 262*j**2 - 11795*j + 228. Determine y(45).
3
Let y(l) = 1384*l + 5422. Determine y(-4).
-114
Let n(w) = 1123778*w + 5618867. What is n(-5)?
-23
Let v(l) = 5*l**2 - 8*l - 419. Determine v(-8).
-35
Let m(g) = -13*g**2 + 349*g + 3156. Give m(34).
-6
Let j(v) = 3*v**3 + 119*v**2 + 908*v + 32370. Determine j(-39).
0
Let p(n) = 15*n**2 - 1316*n - 328. Give p(88).
24
Let o(x) = -1493*x**2 - 11885*x + 303. What is o(-8)?
-169
Let u(x) = 34*x**2 - 214*x - 162. Give u(7).
6
Let w(j) = j**3 + 985*j**2 + 46749*j - 931. Calculate w(-935).
4
Let u(o) = 2*o**2 + 907*o - 32685. What is u(-487)?
-56
Let m(c) = 28*c**3 - 52*c**2 + 3*c + 20. Determine m(2).
42
Let a(j) = 48*j - 1569. Determine a(48).
735
Let d(f) = -20317*f - 264176. Determine d(-13).
-55
Let y(q) = -1698*q**2 - 6721*q + 333. Calculate y(-4).
49
Let j(k) = k**3 - k**2 - 440*k + 3432. Determine j(0).
3432
Let z(s) = 16*s**3 - 226*s**2 - 1770*s + 25211. Determine z(14).
39
Let o(k) = 41376*k - 12909309. Calculate o(312).
3
Let p(s) = 855*s - 293. Calculate p(0).
-293
Let d(c) = -37*c**2 + 21280*c - 2890. What is d(575)?
-15
Let d(y) = 27*y**2 - 2986*y + 17723. What is d(6)?
779
Let f(b) = -72*b**2 + 156*b + 313. Calculate f(-2).
-287
Let p(j) = j**2 + 346424*j + 692837. Calculate p(-2).
-7
Let h(i) = -15*i**2 - 1617*i - 1233. Determine h(-107).
51
Let j(k) = 2*k**2 - 1803*k + 391984. Determine j(366).
-2
Let g(h) = -h**2 + 144*h + 7333. Give g(180).
853
Let m(d) = 444*d**2 + 34636*d + 238. Determine m(-78).
-74
Let f(n) = -9*n**3 - 1408*n**2 - 488*n + 21205. Calculate f(-156).
-11
Let o(v) = -v**2 + 183*v - 5229. Give o(148).
-49
Let c(b) = -b**2 - 12945*b - 116447. What is c(-9)?
-23
Let b(w) = 3*w**2 - 1137*w + 42370. Determine b(337).
-92
Let a(w) = -875*w + 29923. What is a(33)?
1048
Let w(b) = 79*b + 108. Calculate w(1).
187
Let s(n) = 318*n**2 - 9368*n + 58560. What is s(9)?
6
Let z(w) = -547*w**2 - 10395*w + 84. Give z(-19).
122
Let n(x) = 2*x**3 - 356*x**2 + 344*x + 1736. Determine n(177).
-34
Let g(i) = -3290*i - 40989. Determine g(-13).
1781
Let x(c) = -173*c + 325. Determine x(2).
-21
Let y(b) = -379*b + 1897. Calculate y(10).
-1893
Let s(l) = 5175*l - 119018. Calculate s(23).
7
Let a(j) = 141*j + 13927. What is a(-75)?
3352
Let z(p) = -31*p**3 + 464*p**2 + 67*p - 735. Determine z(15).
45
Let a(i) = i**2 - 57*i - 18146. What is a(167)?
224
Let q(a) = -1334*a + 102696. Calculate q(77).
-22
Let u(k) = -150*k**2 - 5868*k - 740. Calculate u(-39).
-38
Let p(z) = 4207*z + 16884. Calculate p(-4).
56
Let i(d) = 406*d - 15341. Calculate i(38).
87
Let s(d) = 308*d - 4020. Calculate s(11).
-632
Let c(f) = -9*f**3 - 324*f**2 - 21*f + 767. Determine c(-36).
1523
Let s(l) = -32640*l + 783597. Determine s(24).
237
Let r(n) = 2*n**3 - 131*n**2 + 345*n - 10610. Determine r(64).
-818
Let p(z) = -5*z**2 - 598*z + 938. What is p(-121)?
91
Let w(v) = -4*v**3 + 267*v**2 + 37*v + 111. Give w(67).
-1899
Let q(m) = 2*m**3 + 21*m**2 + 32*m + 163. Give q(-9).
118
Let q(p) = -58217*p - 10129751. Give q(-174).
7
Let z(k) = -3*k**2 + 42*k + 4377639. What is z(1215)?
-6
Let p(h) = 288256*h + 864769. Determine p(-3).
1
Let h(p) = -6*p + 2001. Determine h(-26).
2157
Let t(u) = -17613*u + 123830. Give t(7).
539
Let g(f) = -f**2 - 248*f - 1195. Calculate g(-243).
20
Let n(y) = y**3 - 190*y**2 + 25*y + 100269. Calculate n(187).
37
Let i(q) = -q**3 + 57*q**2 + 20*q - 386. What is i(57)?
754
Let i(p) = -p**3 + 7*p**2 + 15248*p - 121908. Determine i(8).
12
Let v(i) = -4114*i + 4125. What is v(1)?
11
Let b(s) = s**2 + 188*s + 6595. Determine b(-47).
-32
Let g(z) = 9002*z - 99453. What is g(11)?
-431
Let n(t) = -1161*t + 7891. What is n(7)?
-236
Let j(x) = -438*x - 37307. Give j(-86).
361
Let q(p) = 77935*p + 2338137. Calculate q(-30).
87
Let g(x) = -474*x + 185522. Give g(391).
188
Let i(o) = -16*o**2 + 4235*o + 760. Determine i(265).
-565
Let h(t) = -262*t - 26912. Give h(-106).
860
Let s(a) = 8231*a - 98724. What is s(12)?
48
Let l(o) = -603*o**2 + 91016*o + 5590. What is l(151)?
3
Let n(j) = j**3 + 44*j**2 + 11*j - 282. Calculate n(-44).
-766
Let k(h) = -827*h**3 + 4975*h**2 - 52*h - 156. Calculate k(6).
0
Let q(y) = 9*y**2 - 573*y - 6603. Give q(-10).
27
Let l(p) = -p**2 + 748*p - 57460. Determine l(87).
47
Let x(l) = 309*l + 1121. What is x(-2)?
503
Let a(y) = y**3 - 89*y**2 - 1679*y + 334. Determine a(105).
439
Let v(t) = 17156*t + 42. Determine v(0).
42
Let y(i) = -21*i**3 - 1367*i**2 - 144*i - 917. Determine y(-65).
-7
Let z(t) = 48157*t - 337093. Determine z(7).
6
Let n(m) = -10*m**3 - 2126*m**2 + 25534*m - 484. Give n(-224).
-36
Let f(o) = -1744*o**2 + 19177*o - 2. Calculate f(11).
-79
Let i(v) = -v**3 + 431*v**2 - 4434*v + 1721532. Determine i(430).
-188
Let l(b) = b**2 + 385*b + 37019. Calculate l(-197).
-17
Let w(s) = 8193*s - 25563. What is w(3)?
-984
Let n(d) = -811*d + 189976. What is n(235)?
-609
Let b(g) = -3*g**3 + 18*g**2 - 19*g - 91. Calculate b(-2).
43
Let d(l) = -16878*l - 675163. Give d(-40).
-43
Let m(f) = -5187*f + 113004. Determine m(22).
-1110
Let p(z) = z**2 + 2846*z - 22818. Give p(8).
14
Let d(s) = -3736762*s - 26157355. Calculate d(-7).
-21
Let x(l) = l**2 + 359*l + 4208. Calculate x(-12).
44
Let f(q) = -26704*q + 400675. Calculate f(15).
115
Let s(c) = -774*c + 1474. Give s(2).
-74
Let k(o) = 1182*o + 74479. What is k(-63)?
13
Let x(j) = 75*j**2 + 1069*j - 849. Give x(-15).
-9
Let k(o) = 348*o - 65. What is k(-1)?
-413
Let f(r) = 6252*r + 106333. Determine f(-17).
49
Let c(x) = -15441*x + 31235. Give c(2).
353
Let x(d) = 34*d**2 + 6137*d + 6138. Calculate x(-1).
35
Let f(w) = -2302*w + 20403. Give f(9).
-315
Let s(o) = 572*o - 149848. Determine s(262).
16
Let a(w) = -13*w**3 + 578*w**2 - 1156*w - 2. Determine a(2).
-106
Let u(f) = -15311*f + 76610. What is u(5)?
55
Let m(y) = -561*y + 15721. Give m(29).
-548
Let f(i) = -11*i**3 + 515*i**2 + 77*i + 794. Give f(47).
-5
Let s(i) = -26065*i + 521286. Determine s(20).
-14
Let o(q) = -1125*q - 23224. What is o(-20)?
-724
Let q(n) = 9*n**3 - 511*n**2 + 306*n + 4807. Give q(56).
-9
Let t(n) = -n**3 + 35*n**2 - 146*n - 86. Give t(30).
34
Let h(p) = -7*p**2 + 724*p + 24681. Determine h(-27).
30
Let h(s) = s**3 + 218*s**2 - 4282*s + 593. What is h(18)?
-19
Let l(y) = 4755*y + 2376. Give l(-1).
-2379
Let 